{"id":239,"date":"2025-06-30T17:09:10","date_gmt":"2025-06-30T20:09:10","guid":{"rendered":"https:\/\/diariodepernambuco.audiencelabs.com.br\/?page_id=239"},"modified":"2025-07-31T18:03:53","modified_gmt":"2025-07-31T21:03:53","slug":"contato","status":"publish","type":"page","link":"https:\/\/diariodepernambuco.audiencelabs.com.br\/contato\/","title":{"rendered":"Contato"},"content":{"rendered":"\n<p>Precisa falar com a reda\u00e7\u00e3o do DPMais Diario de Pernanbuco? Ent\u00e3o preencha nosso formul\u00e1rio conforme sua demanda.<\/p>\n\n\n\n<div data-siteorigem=\"https:\/\/diariodepernambuco.com.br\/dpmais\" data-fillout-id=\"5EuaQXwBFVus\" data-fillout-embed-type=\"popup\" data-fillout-button-text=\"Entrar em Contato \/ Reportar um Erro\" data-fillout-dynamic-resize data-fillout-inherit-parameters data-fillout-popup-size=\"medium\"><\/div><script src=\"https:\/\/server.fillout.com\/embed\/v1\/\"><\/script>\n","protected":false},"excerpt":{"rendered":"<p>Precisa falar com a reda\u00e7\u00e3o do DPMais Diario de Pernanbuco? Ent\u00e3o preencha nosso formul\u00e1rio conforme sua demanda.<\/p>\n","protected":false},"author":1,"featured_media":0,"parent":0,"menu_order":0,"comment_status":"closed","ping_status":"closed","template":"","meta":{"jnews_page_loop":[],"jnews_single_page":[],"jnews_social_meta":[],"footnotes":""},"class_list":["post-239","page","type-page","status-publish","hentry"],"_links":{"self":[{"href":"https:\/\/diariodepernambuco.audiencelabs.com.br\/wp-json\/wp\/v2\/pages\/239","targetHints":{"allow":["GET"]}}],"collection":[{"href":"https:\/\/diariodepernambuco.audiencelabs.com.br\/wp-json\/wp\/v2\/pages"}],"about":[{"href":"https:\/\/diariodepernambuco.audiencelabs.com.br\/wp-json\/wp\/v2\/types\/page"}],"author":[{"embeddable":true,"href":"https:\/\/diariodepernambuco.audiencelabs.com.br\/wp-json\/wp\/v2\/users\/1"}],"replies":[{"embeddable":true,"href":"https:\/\/diariodepernambuco.audiencelabs.com.br\/wp-json\/wp\/v2\/comments?post=239"}],"version-history":[{"count":2,"href":"https:\/\/diariodepernambuco.audiencelabs.com.br\/wp-json\/wp\/v2\/pages\/239\/revisions"}],"predecessor-version":[{"id":332,"href":"https:\/\/diariodepernambuco.audiencelabs.com.br\/wp-json\/wp\/v2\/pages\/239\/revisions\/332"}],"wp:attachment":[{"href":"https:\/\/diariodepernambuco.audiencelabs.com.br\/wp-json\/wp\/v2\/media?parent=239"}],"curies":[{"name":"wp","href":"https:\/\/api.w.org\/{rel}","templated":true}]}}